{"id":1036,"date":"2023-01-07T10:49:12","date_gmt":"2023-01-07T10:49:12","guid":{"rendered":"https:\/\/www.mouches-volantes.com\/wordpress\/?post_type=product&#038;p=1036"},"modified":"2023-01-07T10:49:12","modified_gmt":"2023-01-07T10:49:12","slug":"artikel-die-leuchtstruktur-im-antiken-griechenland-teil-1","status":"publish","type":"product","link":"https:\/\/www.mouches-volantes.com\/wordpress\/?product=artikel-die-leuchtstruktur-im-antiken-griechenland-teil-1","title":{"rendered":"Artikel:<p> Die Leuchtstruktur im antiken Griechenland &#8211; Teil 1"},"content":{"rendered":"<div class=\"row-fluid\">\n<div class=\"offset1 span10 content\">(Artikel von Floco Tausin, PDF-Datei)<\/p>\n<p>Mouches volantes \u2013 Glask\u00f6rpertr\u00fcbung oder Bewusstseinslicht? Der Blick auf fr\u00fchere Kulturen l\u00e4sst vermuten, dass Mouches volantes f\u00fcr eine Vielzahl von Menschen eine spirituelle Bedeutung hatten. In diesem Artikel werden Mouches-volantes-Motive in der antiken griechischen Kultur vorgestellt.<\/p>\n<p>Alle haben sie, fast alle sehen sie, und nur wenige schauen hin: die vereinzelten, transparenten und beweglichen Punkte und F\u00e4den im Blickfeld, in der Augenheilkunde \u201eMouches volantes\u201c genannt und als Glask\u00f6rpertr\u00fcbung erkl\u00e4rt. Dieser Artikel basiert auf der Erfahrung, dass diese Punkte und F\u00e4den \u2013 die \u201eLeuchtstruktur Mouches volantes\u201c (Tausin 2012) \u2013 keine Tr\u00fcbung, sondern eine leuchtende Struktur und Ausdruck unseres Bewusstseinszustandes sind. Diese Einsicht kam zu mir durch meinen Lehrer Nestor. In meiner weiteren Forschung fand ich zahlreiche Hinweise darauf, dass die Kugeln und F\u00e4den der Leuchtstruktur \u2013 zusammen mit anderen entoptischen Erscheinungen \u2013 bereits von fr\u00fcheren Menschen vieler Kulturen wahrgenommen wurden. Die Vermutung ist, dass fr\u00fche Ekstatiker oder Schamanen sie w\u00e4hrend Praktiken der rituellen Bewusstseinsver\u00e4nderung gesehen, mythisch oder spirituell gedeutet, k\u00fcnstlerisch ausgedr\u00fcckt und damit an sp\u00e4tere Generationen vermittelt haben. Dieser Artikel unterst\u00fctzt diese Sicht, indem er die Leuchtstruktur-\u00e4hnlichen Formen in der antiken griechischen Kultur pr\u00e4sentiert. Im Zentrum stehen die Kunst, Religion und Philosophie der Epochen der Geometrik, Archaik und Klassik (ca. 1000-338 v. Chr.).<\/p>\n<p>Das antike Griechenland<\/p>\n<p>Punkte, konzentrische oder gepunktete Kreise, Wellen, Zickzacklinien, Gittermuster und Spiralen geh\u00f6ren neben naturalistischen Darstellungen zum Repertoire der fr\u00fchen Kunst in ganz Europa, von der Altsteinzeit bis in die Bronzezeit. Dies gilt auch f\u00fcr die im 3. und 2. Jahrtausend v. Chr. bl\u00fchenden bronzezeitlichen Hoch- und Schriftkulturen Griechenlands, die minoische Kultur auf Kreta und die mykenische Kultur auf dem griechischen Festland&#8230;<\/p><\/div>\n<\/div>\n","protected":false},"excerpt":{"rendered":"<p>Ornamentik, Mythen und Religion<\/p>\n","protected":false},"featured_media":1037,"template":"","meta":[],"product_brand":[],"product_cat":[44],"product_tag":[216,212,215,157,186,45,127,103],"class_list":{"0":"post-1036","1":"product","2":"type-product","3":"status-publish","4":"has-post-thumbnail","6":"product_cat-artikel","7":"product_tag-bronzezeit","8":"product_tag-europa","9":"product_tag-griechenland","10":"product_tag-kunst","11":"product_tag-mythen","12":"product_tag-pdf-datei","13":"product_tag-philosophie","14":"product_tag-religion","16":"first","17":"instock","18":"downloadable","19":"virtual","20":"purchasable","21":"product-type-simple"},"_links":{"self":[{"href":"https:\/\/www.mouches-volantes.com\/wordpress\/index.php?rest_route=\/wp\/v2\/product\/1036","targetHints":{"allow":["GET"]}}],"collection":[{"href":"https:\/\/www.mouches-volantes.com\/wordpress\/index.php?rest_route=\/wp\/v2\/product"}],"about":[{"href":"https:\/\/www.mouches-volantes.com\/wordpress\/index.php?rest_route=\/wp\/v2\/types\/product"}],"wp:featuredmedia":[{"embeddable":true,"href":"https:\/\/www.mouches-volantes.com\/wordpress\/index.php?rest_route=\/wp\/v2\/media\/1037"}],"wp:attachment":[{"href":"https:\/\/www.mouches-volantes.com\/wordpress\/index.php?rest_route=%2Fwp%2Fv2%2Fmedia&parent=1036"}],"wp:term":[{"taxonomy":"product_brand","embeddable":true,"href":"https:\/\/www.mouches-volantes.com\/wordpress\/index.php?rest_route=%2Fwp%2Fv2%2Fproduct_brand&post=1036"},{"taxonomy":"product_cat","embeddable":true,"href":"https:\/\/www.mouches-volantes.com\/wordpress\/index.php?rest_route=%2Fwp%2Fv2%2Fproduct_cat&post=1036"},{"taxonomy":"product_tag","embeddable":true,"href":"https:\/\/www.mouches-volantes.com\/wordpress\/index.php?rest_route=%2Fwp%2Fv2%2Fproduct_tag&post=1036"}],"curies":[{"name":"wp","href":"https:\/\/api.w.org\/{rel}","templated":true}]}}