{"id":1110,"date":"2023-01-08T15:17:18","date_gmt":"2023-01-08T15:17:18","guid":{"rendered":"https:\/\/www.mouches-volantes.com\/wordpress\/?post_type=product&#038;p=1110"},"modified":"2023-01-08T15:17:18","modified_gmt":"2023-01-08T15:17:18","slug":"artikel-prickelnde-gesundheit","status":"publish","type":"product","link":"https:\/\/www.mouches-volantes.com\/wordpress\/?product=artikel-prickelnde-gesundheit","title":{"rendered":"Artikel:<p> Prickelnde Gesundheit"},"content":{"rendered":"<div class=\"row-fluid\">\n<div class=\"offset1 span10 content\">(<em>pdf Datei, 4 Abb.<\/em>)<\/p>\n<p>Wer kennt es nicht, das Prickelns auf der Haut, bei dem sich die K\u00f6rperh\u00e4rchen aufstellen? Oft geht dieses Gef\u00fchl einher oder wird gleichgesetzt mit Fr\u00f6steln, Schauer und bestimmten emotionalen Zust\u00e4nden. Weil die Haut dabei so h\u00fcgelig wie bei einer gerupften Gans aussieht, sprechen wir von \u201eG\u00e4nsehaut\u201c. Kaum bekannt ist dagegen, dass es eine gesundheitliche und spirituelle und Bedeutung hat, im Sinne einer ganzheitlichen Reinigung des materiellen, emotionalen und gedanklichen K\u00f6rpers. Dies legen sowohl medizinische Studien nahe, sowie die Erfahrungen von spirituellen Meistern verschiedener Kulturen.<\/p>\n<p>Die spirituelle Bedeutung des Prickelns<br \/>\nEs mag nicht sofort verst\u00e4ndlich sein, wie die G\u00e4nsehaut, die wir im Alltag oft beim Fr\u00f6steln oder in Schreckensmomenten erleben, eine spirituelle Bedeutung haben kann. Unsere heilige Schrift, die Bibel, kennt das Ph\u00e4nomen nur im Zusammenhang mit Furcht und Schrecken: \u201eUnd ein Hauch fuhr an mir vor\u00fcber; es standen mir die Haare zu Berge an meinem Leibe. Da stand ein Gebilde vor meinen Augen, doch ich erkannte seine Gestalt nicht.\u201c (Hiob 4,15-16) Auch unsere westliche Medizin gibt darauf keinen Hinweis. Nach der g\u00e4ngigen Ansicht der Mediziner handelt es sich bei der G\u00e4nsehaut um ein funktionslos gewordenes \u00dcberbleibsel aus der fernen Vergangenheit: Denn als die Menschen noch dicht behaart waren, habe das Aufstellen der Haare gegen die K\u00e4lte gesch\u00fctzt \u2013 und sei zudem, wie bei Tieren noch heute, eine Drohgeb\u00e4rde in Kampfsituationen gewesen, denn der Mensch wirkte dadurch gr\u00f6sser und bedrohlicher. F\u00fcr uns heutige Menschen dagegen sei dieses Prickeln ohne Nutzen.<\/p>\n<p>Andere Kulturen sowie manche religi\u00f6se und spirituelle Richtungen weisen auf eine andere Seite dieses Ph\u00e4nomens hin: Die G\u00e4nsehaut geht n\u00e4mlich h\u00e4ufig einher mit meditativen oder<br \/>\nekstatischen Zust\u00e4nden, oft bei tiefer hingebungsvoller Liebe zu einer Gottheit. Das ist f\u00fcr uns gar nicht so schwer nachzuvollziehen, wenn wir uns daran erinnern, dass wir dieses Prickeln ja auch in sehr sch\u00f6nen Momenten erleben: Sei es beim H\u00f6ren von harmonischer Musik, beim Sehen von stimmungsvollen Naturerscheinungen und vor allem im Zusammensein mit einem geliebten Menschen&#8230;<\/p><\/div>\n<\/div>\n","protected":false},"excerpt":{"rendered":"<p>Vom Haarestr\u00e4uben zur bewusstseinserweiternden Ekstase<\/p>\n","protected":false},"featured_media":1111,"template":"","meta":[],"product_brand":[],"product_cat":[44],"product_tag":[80,140,262,45,101,261,200],"class_list":{"0":"post-1110","1":"product","2":"type-product","3":"status-publish","4":"has-post-thumbnail","6":"product_cat-artikel","7":"product_tag-bewusstsein","8":"product_tag-ekstase","9":"product_tag-gaensehaut","10":"product_tag-pdf-datei","11":"product_tag-phaenomen","12":"product_tag-prickeln","13":"product_tag-spirituell","15":"first","16":"instock","17":"downloadable","18":"virtual","19":"purchasable","20":"product-type-simple"},"_links":{"self":[{"href":"https:\/\/www.mouches-volantes.com\/wordpress\/index.php?rest_route=\/wp\/v2\/product\/1110","targetHints":{"allow":["GET"]}}],"collection":[{"href":"https:\/\/www.mouches-volantes.com\/wordpress\/index.php?rest_route=\/wp\/v2\/product"}],"about":[{"href":"https:\/\/www.mouches-volantes.com\/wordpress\/index.php?rest_route=\/wp\/v2\/types\/product"}],"wp:featuredmedia":[{"embeddable":true,"href":"https:\/\/www.mouches-volantes.com\/wordpress\/index.php?rest_route=\/wp\/v2\/media\/1111"}],"wp:attachment":[{"href":"https:\/\/www.mouches-volantes.com\/wordpress\/index.php?rest_route=%2Fwp%2Fv2%2Fmedia&parent=1110"}],"wp:term":[{"taxonomy":"product_brand","embeddable":true,"href":"https:\/\/www.mouches-volantes.com\/wordpress\/index.php?rest_route=%2Fwp%2Fv2%2Fproduct_brand&post=1110"},{"taxonomy":"product_cat","embeddable":true,"href":"https:\/\/www.mouches-volantes.com\/wordpress\/index.php?rest_route=%2Fwp%2Fv2%2Fproduct_cat&post=1110"},{"taxonomy":"product_tag","embeddable":true,"href":"https:\/\/www.mouches-volantes.com\/wordpress\/index.php?rest_route=%2Fwp%2Fv2%2Fproduct_tag&post=1110"}],"curies":[{"name":"wp","href":"https:\/\/api.w.org\/{rel}","templated":true}]}}