{"id":883,"date":"2023-01-04T15:28:56","date_gmt":"2023-01-04T15:28:56","guid":{"rendered":"https:\/\/www.mouches-volantes.com\/wordpress\/?post_type=product&#038;p=883"},"modified":"2025-09-30T08:30:52","modified_gmt":"2025-09-30T08:30:52","slug":"buch-mouches-volantes-als-quelle-der-inspiration","status":"publish","type":"product","link":"https:\/\/www.mouches-volantes.com\/wordpress\/?product=buch-mouches-volantes-als-quelle-der-inspiration","title":{"rendered":"Buch:<br> Mouches volantes als Quelle der Inspiration"},"content":{"rendered":"<p>(<em>Taschenuch, 162 S. und 34 Abb<\/em>.)<\/p>\n<p>Alle haben sie, fast alle sehen sie, und nur wenige schauen hin: die vereinzelten, transparenten und beweglichen Punkte und F\u00e4den im Blickfeld. In der Augenheilkunde werden sie \u201eMouches volantes\u201c genannt und als Glask\u00f6rpertr\u00fcbung verstanden.<\/p>\n<p>Doch stimmt diese Erkl\u00e4rung? Der Autor, Floco Tausin, folgt in diesem Buch der seherischen Erfahrung, dass Mouches volantes keine Glask\u00f6rpertr\u00fcbung, sondern eine leuchtende Struktur und ein Ausdruck unseres Bewusstseinszustandes sind.<\/p>\n<p>In dieser Sammlung von fr\u00fcher ver\u00f6ffentlichten und \u00fcberarbeiteten Texten besch\u00e4ftigt sich der Autor mit der Frage, wo und wie die Leuchtstruktur als Inspirationsquelle gewirkt haben k\u00f6nnte. Die Texte behandeln die Themen Kunst, Engel, UFOs, Holografische Weltmodelle, Carlos Castaneda und Nahtoderfahrungen.<\/p>\n","protected":false},"excerpt":{"rendered":"<p>Entoptic Art, Engel, UFOs, holografische Weltmodelle, Carlos Castaneda und Nahtoderfahrungen<\/p>\n","protected":false},"featured_media":880,"template":"","meta":[],"product_brand":[],"product_cat":[282,42],"product_tag":[85,80,38,87,88,89,90,79,91,86],"class_list":{"0":"post-883","1":"product","2":"type-product","3":"status-publish","4":"has-post-thumbnail","6":"product_cat-buch-sachbuecher","7":"product_cat-taschenbuch","8":"product_tag-art","9":"product_tag-bewusstsein","10":"product_tag-buch","11":"product_tag-carlos-castaneda","12":"product_tag-engel","13":"product_tag-entoptic-art","14":"product_tag-holografische-weltmodelle","15":"product_tag-mouches-volantes","16":"product_tag-nahtoderfahrungen","17":"product_tag-ufos","19":"first","20":"instock","21":"shipping-taxable","22":"purchasable","23":"product-type-simple"},"_links":{"self":[{"href":"https:\/\/www.mouches-volantes.com\/wordpress\/index.php?rest_route=\/wp\/v2\/product\/883","targetHints":{"allow":["GET"]}}],"collection":[{"href":"https:\/\/www.mouches-volantes.com\/wordpress\/index.php?rest_route=\/wp\/v2\/product"}],"about":[{"href":"https:\/\/www.mouches-volantes.com\/wordpress\/index.php?rest_route=\/wp\/v2\/types\/product"}],"wp:featuredmedia":[{"embeddable":true,"href":"https:\/\/www.mouches-volantes.com\/wordpress\/index.php?rest_route=\/wp\/v2\/media\/880"}],"wp:attachment":[{"href":"https:\/\/www.mouches-volantes.com\/wordpress\/index.php?rest_route=%2Fwp%2Fv2%2Fmedia&parent=883"}],"wp:term":[{"taxonomy":"product_brand","embeddable":true,"href":"https:\/\/www.mouches-volantes.com\/wordpress\/index.php?rest_route=%2Fwp%2Fv2%2Fproduct_brand&post=883"},{"taxonomy":"product_cat","embeddable":true,"href":"https:\/\/www.mouches-volantes.com\/wordpress\/index.php?rest_route=%2Fwp%2Fv2%2Fproduct_cat&post=883"},{"taxonomy":"product_tag","embeddable":true,"href":"https:\/\/www.mouches-volantes.com\/wordpress\/index.php?rest_route=%2Fwp%2Fv2%2Fproduct_tag&post=883"}],"curies":[{"name":"wp","href":"https:\/\/api.w.org\/{rel}","templated":true}]}}