{"id":887,"date":"2023-01-04T18:49:21","date_gmt":"2023-01-04T18:49:21","guid":{"rendered":"https:\/\/www.mouches-volantes.com\/wordpress\/?post_type=product&#038;p=887"},"modified":"2023-01-07T14:22:55","modified_gmt":"2023-01-07T14:22:55","slug":"artikel-meditation-mit-offenen-augen","status":"publish","type":"product","link":"https:\/\/www.mouches-volantes.com\/wordpress\/?product=artikel-meditation-mit-offenen-augen","title":{"rendered":"Artikel:<p> Meditation mit offenen Augen"},"content":{"rendered":"<p>(<em>pdf Datei, 4 Abb.<\/em>)<\/p>\n<p>Feine Gesichtsz\u00fcge und graue Betonbl\u00f6cke, monotoner Verkehrsl\u00e4rm und schallendes Gel\u00e4chter, kratzender Zigarettenrauch und reizendes Parf\u00fcm, s\u00fcsse Baklava und scharfe Samosas, weiche Kissen und harte B\u00e4nke \u2013 was wir als unseren Alltag kennen, ist eine Flut von verschiedenartigen Informationen, die wir durch unsere f\u00fcnf Sinne aufnehmen und im Gehirn zu einem ganzheitlichen Bild zusammensetzen. Die Sinnesorgane sind die Tore unseres K\u00f6rpers, sie verbinden die Aussenwelt mit der Innenwelt und bestimmen in Abh\u00e4ngigkeit von unserem Bewusstseinszustand, wie wir diese Welt wahrnehmen.<\/p>\n<p>Kein Wunder, schenkten spirituell wache Menschen im Osten wie im Westen ihren Sinnen seit jeher eine grosse Aufmerksamkeit. Indische Philosophen etwa studierten sehr genau das Zusammenspiel von Sinnesorganen, Sinnesobjekten, Denken und Bewusstsein \u2013 und kamen darauf, dass eine ungez\u00fcgelte Sinnest\u00e4tigkeit auf dem Weg zur Selbst- bzw. Gotteserkenntnis ein Hindernis darstellt. So heisst es in der Bhagavadgita: \u201eO Sohn der Kunti, die Sinne sind ungest\u00fcm und beherrschen den Geist sogar desjenigen Menschen, der um Unterscheidungsverm\u00f6gen bem\u00fcht ist.\u201c Sinnesgl\u00fcck gilt als tr\u00fcgerisch, denn es sei \u201eam Anfang wie Nektar und am Ende wie Gift. Dieses Gl\u00fcck wird \u201aLeidenschaft\u2019 genannt.\u201c Heisst das nun, dass wir die Augen verschliessen und die Ohren verstopfen sollten, wenn wir um ein spirituelles und bewussteres Leben bem\u00fcht sind? Nat\u00fcrlich nicht, vielmehr geht es darum, unsere Sinnest\u00e4tigkeit auch f\u00fcr die Bewusstseinsentwicklung dienlich zu machen. Dazu haben uns die Weisen fr\u00fcherer Zeiten ein wunderbares Instrument zur Hand gegeben: die Meditation.<\/p>\n<p>Die Meditation wird heute bei uns oft losgel\u00f6st von einer spezifischen Religion gelehrt, teilweise als therapeutisches Mittel gegen Stress, Anspannung, emotionale Probleme etc&#8230;<\/p>\n","protected":false},"excerpt":{"rendered":"<p>Der visuelle Weg zur Entwicklung des inneren Sinns<\/p>\n","protected":false},"featured_media":888,"template":"","meta":[],"product_brand":[],"product_cat":[44],"product_tag":[80,78,45,118,124,267,200,135],"class_list":{"0":"post-887","1":"product","2":"type-product","3":"status-publish","4":"has-post-thumbnail","6":"product_cat-artikel","7":"product_tag-bewusstsein","8":"product_tag-meditation","9":"product_tag-pdf-datei","10":"product_tag-sehen","11":"product_tag-seher","12":"product_tag-sinn","13":"product_tag-spirituell","14":"product_tag-visuell","16":"first","17":"instock","18":"downloadable","19":"virtual","20":"purchasable","21":"product-type-simple"},"_links":{"self":[{"href":"https:\/\/www.mouches-volantes.com\/wordpress\/index.php?rest_route=\/wp\/v2\/product\/887","targetHints":{"allow":["GET"]}}],"collection":[{"href":"https:\/\/www.mouches-volantes.com\/wordpress\/index.php?rest_route=\/wp\/v2\/product"}],"about":[{"href":"https:\/\/www.mouches-volantes.com\/wordpress\/index.php?rest_route=\/wp\/v2\/types\/product"}],"wp:featuredmedia":[{"embeddable":true,"href":"https:\/\/www.mouches-volantes.com\/wordpress\/index.php?rest_route=\/wp\/v2\/media\/888"}],"wp:attachment":[{"href":"https:\/\/www.mouches-volantes.com\/wordpress\/index.php?rest_route=%2Fwp%2Fv2%2Fmedia&parent=887"}],"wp:term":[{"taxonomy":"product_brand","embeddable":true,"href":"https:\/\/www.mouches-volantes.com\/wordpress\/index.php?rest_route=%2Fwp%2Fv2%2Fproduct_brand&post=887"},{"taxonomy":"product_cat","embeddable":true,"href":"https:\/\/www.mouches-volantes.com\/wordpress\/index.php?rest_route=%2Fwp%2Fv2%2Fproduct_cat&post=887"},{"taxonomy":"product_tag","embeddable":true,"href":"https:\/\/www.mouches-volantes.com\/wordpress\/index.php?rest_route=%2Fwp%2Fv2%2Fproduct_tag&post=887"}],"curies":[{"name":"wp","href":"https:\/\/api.w.org\/{rel}","templated":true}]}}