{"id":896,"date":"2023-01-04T19:51:31","date_gmt":"2023-01-04T19:51:31","guid":{"rendered":"https:\/\/www.mouches-volantes.com\/wordpress\/?post_type=product&#038;p=896"},"modified":"2023-01-07T14:11:58","modified_gmt":"2023-01-07T14:11:58","slug":"artikel-entoptic-art","status":"publish","type":"product","link":"https:\/\/www.mouches-volantes.com\/wordpress\/?product=artikel-entoptic-art","title":{"rendered":"Artikel:<p> \u201eEntoptic Art\u201c"},"content":{"rendered":"<p>(<em>pdf Datei, 10 Abb.<\/em>)<\/p>\n<p>Entoptische Erscheinungen sind Ph\u00e4nomene, die innerhalb des menschlichen Sehsystems verursacht werden, die der Betrachter aber ausserhalb von sich zu sehen glaubt. W\u00e4hrend die moderne westliche Schulmedizin solche Erscheinungen auf physiologische Vorg\u00e4nge reduziert und ihnen damit keinerlei kulturelle und spirituelle Bedeutung beimisst, haben K\u00fcnstlerinnen und K\u00fcnstler ein viel kreativeres und produktiveres Verh\u00e4ltnis zu dem, was stets da ist, obwohl wir es h\u00e4ufig nicht sehen \u2013 und nach g\u00e4ngigen Idealen auch keinen Anreiz haben sollten, es anzuschauen. Dies liegt in der Natur von entoptischen Erscheinungen. Sie gehen Hand in Hand mit einer Kunst, die alternative Perspektiven und Wahrnehmungen vermitteln will. Ein \u00dcberblick \u00fcber bildende K\u00fcnstler, die sich durch entoptische Ph\u00e4nomene inspirieren liessen.<\/p>\n<p>Als moderne Kunstrichtung wurde die Darstellung von entoptischen Ph\u00e4nomenen erst vor kurzem als solche erfasst. Zwar weiss man seit l\u00e4ngerer Zeit, dass einzelne dieser Erscheinungen auf K\u00fcnstler inspirierend wirken k\u00f6nnen; z.B. nennt der Kunsthistoriker A. E. Iribas eine Reihe von zeitgen\u00f6ssischen wie fr\u00fcheren K\u00fcnstlern und Kunstrichtungen, die durch Phosphene inspiriert sind \u2013 verschiedenfarbige leuchtende Formen und Muster, die man vorwiegend im Dunkeln sieht. Doch erst die Norwegerin Jorunn Monrad spricht in einem Artikel von 2003 von \u201eentoptischer Kunst\u201c und weist damit auf das inspirierende Potenzial von allen inneren Ph\u00e4nomene hin, die keine Visionen oder Halluzinationen sind: \u201cIn 2003 I discovered that my work was entoptic, after having created such images since 1988. I used quotations from Thomas De Quincey in a catalogue in 1993, due to the striking parallels between his visions and my images. On reading Benjamin\u2019s research on drug-induced hallucinations I made more in-depth research on the phenomena, which resulted in this article (www.entopticart.com).\u201c<\/p>\n<p>Um festzustellen ob ein K\u00fcnstler \u201eentoptic art\u201c betreibt, geht Monrad von Studien aus, die auf Arbeiten von Physiologen, Psychologen und Neurologen aus der ersten H\u00e4lfte des 20. Jh. basieren; diese untersuchten die Natur entoptischer Erscheinungen und legten dabei eine Reihe von Grundformen fest, die f\u00fcr solche Wahrnehmungen charakteristisch sind&#8230;<\/p>\n","protected":false},"excerpt":{"rendered":"<p>Entoptische Erscheinungen als Inspirationsquelle in der zeitgen\u00f6ssischen bildenden Kunst<\/p>\n","protected":false},"featured_media":897,"template":"","meta":[],"product_brand":[],"product_cat":[44],"product_tag":[89,201,166,157,45,200],"class_list":{"0":"post-896","1":"product","2":"type-product","3":"status-publish","4":"has-post-thumbnail","6":"product_cat-artikel","7":"product_tag-entoptic-art","8":"product_tag-entoptischen-erscheinungen","9":"product_tag-kultur","10":"product_tag-kunst","11":"product_tag-pdf-datei","12":"product_tag-spirituell","14":"first","15":"instock","16":"downloadable","17":"virtual","18":"purchasable","19":"product-type-simple"},"_links":{"self":[{"href":"https:\/\/www.mouches-volantes.com\/wordpress\/index.php?rest_route=\/wp\/v2\/product\/896","targetHints":{"allow":["GET"]}}],"collection":[{"href":"https:\/\/www.mouches-volantes.com\/wordpress\/index.php?rest_route=\/wp\/v2\/product"}],"about":[{"href":"https:\/\/www.mouches-volantes.com\/wordpress\/index.php?rest_route=\/wp\/v2\/types\/product"}],"wp:featuredmedia":[{"embeddable":true,"href":"https:\/\/www.mouches-volantes.com\/wordpress\/index.php?rest_route=\/wp\/v2\/media\/897"}],"wp:attachment":[{"href":"https:\/\/www.mouches-volantes.com\/wordpress\/index.php?rest_route=%2Fwp%2Fv2%2Fmedia&parent=896"}],"wp:term":[{"taxonomy":"product_brand","embeddable":true,"href":"https:\/\/www.mouches-volantes.com\/wordpress\/index.php?rest_route=%2Fwp%2Fv2%2Fproduct_brand&post=896"},{"taxonomy":"product_cat","embeddable":true,"href":"https:\/\/www.mouches-volantes.com\/wordpress\/index.php?rest_route=%2Fwp%2Fv2%2Fproduct_cat&post=896"},{"taxonomy":"product_tag","embeddable":true,"href":"https:\/\/www.mouches-volantes.com\/wordpress\/index.php?rest_route=%2Fwp%2Fv2%2Fproduct_tag&post=896"}],"curies":[{"name":"wp","href":"https:\/\/api.w.org\/{rel}","templated":true}]}}