{"id":951,"date":"2023-01-06T12:00:46","date_gmt":"2023-01-06T12:00:46","guid":{"rendered":"https:\/\/www.mouches-volantes.com\/wordpress\/?post_type=product&#038;p=951"},"modified":"2023-01-06T12:05:21","modified_gmt":"2023-01-06T12:05:21","slug":"artikel-mouches-volantes-glaskoerpertruebung-oder-nervensystem-teil-1","status":"publish","type":"product","link":"https:\/\/www.mouches-volantes.com\/wordpress\/?product=artikel-mouches-volantes-glaskoerpertruebung-oder-nervensystem-teil-1","title":{"rendered":"Artikel:<p> Mouches volantes \u2013 Glask\u00f6rpertr\u00fcbung oder Nervensystem? \u2013 Teil 1"},"content":{"rendered":"<div class=\"row-fluid\">\n<div class=\"offset1 span10 content\">\n<p>(<em>pdf Datei, 5 Abb.<\/em>)<\/p>\n<p>Seit Jahrhunderten versuchen Gelehrte, eine Erkl\u00e4rung f\u00fcr die beweglichen Punkte und F\u00e4den im Gesichtsfeld zu finden. Schon fr\u00fch dachte man sich die Ursache im Auge und verstand das Ph\u00e4nomen als eine St\u00f6rung oder Degeneration irgendwo zwischen Pupille und Netzhaut &#8211; heute gelten Mouches volantes als Tr\u00fcbung des Glask\u00f6rpers. Genaue Beobachtungen aber enth\u00fcllen geordnete Strukturen und lassen die Degenerationsthese fragw\u00fcrdig erscheinen. Im Nervensystem des Sehens befinden sich \u00e4hnliche Strukturen \u2013 was zur Vermutung f\u00fchrt, dass die fliegenden M\u00fccken dort ihren Ursprung haben.<\/p>\n<p>Teil 1: Die Grenzen der ophthalmologischen Erkl\u00e4rung der Mouches volantes<\/p>\n<p>Einleitung<br \/>\nIn der Augenheilkunde ist \u201eMouches volantes\u201c (MV) ein Sammelbegriff f\u00fcr Glask\u00f6rpertr\u00fcbungen, die auf unterschiedliche Ursachen zur\u00fcckgef\u00fchrt werden. Manchmal k\u00f6nnen pathologische Zust\u00e4nde wie Blutungen und Entz\u00fcndungen des Auges MV verursachen. Meistens jedoch gilt die Erscheinung als normale altersbedingte Tr\u00fcbung des Glask\u00f6rpers infolge der Verfl\u00fcssigung (Synchisis) und der oft damit verbundenen Kollabierung der Kollagen-Hyaluron-Struktur des Glask\u00f6rpers (Syneresis), sowie seiner Abhebung von der Netzhaut. Im folgenden soll hier ausschliesslich von diesen in der Medizin als harmlos bezeichneten MV die Rede sein, die bei Tageslicht im Blickfeld als bewegliche, transparente vereinzelte Punkte und F\u00e4den wahrnehmbar sind&#8230;<\/p>\n<\/div>\n<\/div>\n","protected":false},"excerpt":{"rendered":"<p>Teil 1: Die Grenzen der ophthalmologischen Erkl\u00e4rung der Mouches volantes<\/p>\n","protected":false},"featured_media":953,"template":"","meta":[],"product_brand":[],"product_cat":[44],"product_tag":[120,104,79,132,130,45,131],"class_list":{"0":"post-951","1":"product","2":"type-product","3":"status-publish","4":"has-post-thumbnail","6":"product_cat-artikel","7":"product_tag-glaskoerpertruebungen","8":"product_tag-medizin","9":"product_tag-mouches-volantes","10":"product_tag-nervensystem","11":"product_tag-netzhaut","12":"product_tag-pdf-datei","13":"product_tag-pupille","15":"first","16":"instock","17":"downloadable","18":"virtual","19":"purchasable","20":"product-type-simple"},"_links":{"self":[{"href":"https:\/\/www.mouches-volantes.com\/wordpress\/index.php?rest_route=\/wp\/v2\/product\/951","targetHints":{"allow":["GET"]}}],"collection":[{"href":"https:\/\/www.mouches-volantes.com\/wordpress\/index.php?rest_route=\/wp\/v2\/product"}],"about":[{"href":"https:\/\/www.mouches-volantes.com\/wordpress\/index.php?rest_route=\/wp\/v2\/types\/product"}],"wp:featuredmedia":[{"embeddable":true,"href":"https:\/\/www.mouches-volantes.com\/wordpress\/index.php?rest_route=\/wp\/v2\/media\/953"}],"wp:attachment":[{"href":"https:\/\/www.mouches-volantes.com\/wordpress\/index.php?rest_route=%2Fwp%2Fv2%2Fmedia&parent=951"}],"wp:term":[{"taxonomy":"product_brand","embeddable":true,"href":"https:\/\/www.mouches-volantes.com\/wordpress\/index.php?rest_route=%2Fwp%2Fv2%2Fproduct_brand&post=951"},{"taxonomy":"product_cat","embeddable":true,"href":"https:\/\/www.mouches-volantes.com\/wordpress\/index.php?rest_route=%2Fwp%2Fv2%2Fproduct_cat&post=951"},{"taxonomy":"product_tag","embeddable":true,"href":"https:\/\/www.mouches-volantes.com\/wordpress\/index.php?rest_route=%2Fwp%2Fv2%2Fproduct_tag&post=951"}],"curies":[{"name":"wp","href":"https:\/\/api.w.org\/{rel}","templated":true}]}}