{"id":959,"date":"2023-01-06T12:20:04","date_gmt":"2023-01-06T12:20:04","guid":{"rendered":"https:\/\/www.mouches-volantes.com\/wordpress\/?post_type=product&#038;p=959"},"modified":"2023-01-06T12:20:04","modified_gmt":"2023-01-06T12:20:04","slug":"artikel-mouches-volantes-glaskoerpertruebung-oder-nervensystem-teil-3","status":"publish","type":"product","link":"https:\/\/www.mouches-volantes.com\/wordpress\/?product=artikel-mouches-volantes-glaskoerpertruebung-oder-nervensystem-teil-3","title":{"rendered":"Artikel:<p> Mouches volantes \u2013 Glask\u00f6rpertr\u00fcbung oder Nervensystem? \u2013 Teil 3"},"content":{"rendered":"<p>(<em>pdf Datei, 5 Abb.<\/em>)<\/p>\n<p>Seit Jahrhunderten versuchen Gelehrte, eine Erkl\u00e4rung f\u00fcr die beweglichen Punkte und F\u00e4den im Gesichtsfeld zu finden. Schon fr\u00fch dachte man sich die Ursache im Auge und verstand das Ph\u00e4nomen als eine St\u00f6rung oder Degeneration irgendwo zwischen Pupille und Netzhaut &#8211; heute gelten Mouches volantes als Tr\u00fcbung des Glask\u00f6rpers. Genaue Beobachtungen aber enth\u00fcllen geordnete Strukturen und lassen die Degenerationsthese fragw\u00fcrdig erscheinen. Im Nervensystem des Sehens befinden sich \u00e4hnliche Strukturen \u2013 was zur Vermutung f\u00fchrt, dass die fliegenden M\u00fccken dort ihren Ursprung haben. Eine \u201eAnsicht\u201c in vier Teilen.<\/p>\n<p>Teil 3: Von Zustandsver\u00e4nderungen und \u201eQuantenspr\u00fcngen\u201c \u2013 weitere Beobachtungen von Mouches volantes und ihre Entsprechungen in den rezeptiven Feldern<\/p>\n<p>Mit den so genannten rezeptiven Feldern gibt es Strukturen im visuellen Nervensystem, die Gemeinsamkeiten mit den MV-Kugeln und MV-F\u00e4den aufweisen (siehe Teil 2). Nun wird die Sache etwas komplizierter. In der subjektiven Beobachtung erscheinen MV in Gr\u00f6sse, Leuchtkraft und Beweglichkeit h\u00f6chst dynamisch; im Vergleich dazu m\u00fcssen die rezeptiven Felder \u2013 obwohl die ihnen zugrunde liegenden Zellen biologischen Ver\u00e4nderungen unterworfen sind \u2013 als statisch beschrieben werden. \u00dcberlegungen zur Beweglichkeit der MV folgen im vierten Teil. In diesem dritten Teil geht es darum, die variable Gr\u00f6sse und Leuchtkraft der MV mit den rezeptiven Feldern in Einklang zu bringen.<\/p>\n<p>Zustandsver\u00e4nderung und \u201eQuantensprung\u201c in den Mouches volantes<\/p>\n<p>Die Gr\u00f6sse und die Leuchtkraft einer bestimmten MV-Kugel oder eines bestimmten MV-Fadens k\u00f6nnen sich in relativ kurzer Zeit ver\u00e4ndern. Diese Ver\u00e4nderungen kommen in zwei Vorg\u00e4ngen vor, die sich an den MV direkt sehen und unterscheiden lassen&#8230;<\/p>\n","protected":false},"excerpt":{"rendered":"<p>Teil 3: Von Zustandsver\u00e4nderungen und \u201eQuantenspr\u00fcngen\u201c<\/p>\n","protected":false},"featured_media":960,"template":"","meta":[],"product_brand":[],"product_cat":[44],"product_tag":[120,138,132,45,136,137],"class_list":{"0":"post-959","1":"product","2":"type-product","3":"status-publish","4":"has-post-thumbnail","6":"product_cat-artikel","7":"product_tag-glaskoerpertruebungen","8":"product_tag-leuchtkraft","9":"product_tag-nervensystem","10":"product_tag-pdf-datei","11":"product_tag-quantenspruengen","12":"product_tag-rezeptiven-feldern","14":"first","15":"instock","16":"downloadable","17":"virtual","18":"purchasable","19":"product-type-simple"},"_links":{"self":[{"href":"https:\/\/www.mouches-volantes.com\/wordpress\/index.php?rest_route=\/wp\/v2\/product\/959","targetHints":{"allow":["GET"]}}],"collection":[{"href":"https:\/\/www.mouches-volantes.com\/wordpress\/index.php?rest_route=\/wp\/v2\/product"}],"about":[{"href":"https:\/\/www.mouches-volantes.com\/wordpress\/index.php?rest_route=\/wp\/v2\/types\/product"}],"wp:featuredmedia":[{"embeddable":true,"href":"https:\/\/www.mouches-volantes.com\/wordpress\/index.php?rest_route=\/wp\/v2\/media\/960"}],"wp:attachment":[{"href":"https:\/\/www.mouches-volantes.com\/wordpress\/index.php?rest_route=%2Fwp%2Fv2%2Fmedia&parent=959"}],"wp:term":[{"taxonomy":"product_brand","embeddable":true,"href":"https:\/\/www.mouches-volantes.com\/wordpress\/index.php?rest_route=%2Fwp%2Fv2%2Fproduct_brand&post=959"},{"taxonomy":"product_cat","embeddable":true,"href":"https:\/\/www.mouches-volantes.com\/wordpress\/index.php?rest_route=%2Fwp%2Fv2%2Fproduct_cat&post=959"},{"taxonomy":"product_tag","embeddable":true,"href":"https:\/\/www.mouches-volantes.com\/wordpress\/index.php?rest_route=%2Fwp%2Fv2%2Fproduct_tag&post=959"}],"curies":[{"name":"wp","href":"https:\/\/api.w.org\/{rel}","templated":true}]}}